{"id":286,"date":"2016-10-31T13:17:59","date_gmt":"2016-10-31T16:17:59","guid":{"rendered":"https:\/\/ispmantovani-cha.infd.edu.ar\/sitio\/?page_id=286"},"modified":"2026-04-16T16:31:59","modified_gmt":"2026-04-16T19:31:59","slug":"inicio","status":"publish","type":"page","link":"https:\/\/ispmantovani-cha.infd.edu.ar\/sitio\/","title":{"rendered":"Inicio"},"content":{"rendered":"<p><img decoding=\"async\" loading=\"lazy\" class=\"aligncenter size-medium wp-image-7279\" src=\"https:\/\/ispmantovani-cha.infd.edu.ar\/sitio\/wp-content\/uploads\/2026\/04\/ESTAMPA-VIVA-707x1000.jpg\" alt=\"\" width=\"707\" height=\"1000\" srcset=\"https:\/\/ispmantovani-cha.infd.edu.ar\/sitio\/wp-content\/uploads\/2026\/04\/ESTAMPA-VIVA-707x1000.jpg 707w, https:\/\/ispmantovani-cha.infd.edu.ar\/sitio\/wp-content\/uploads\/2026\/04\/ESTAMPA-VIVA-1343x1900.jpg 1343w, https:\/\/ispmantovani-cha.infd.edu.ar\/sitio\/wp-content\/uploads\/2026\/04\/ESTAMPA-VIVA-768x1086.jpg 768w, https:\/\/ispmantovani-cha.infd.edu.ar\/sitio\/wp-content\/uploads\/2026\/04\/ESTAMPA-VIVA-1086x1536.jpg 1086w, https:\/\/ispmantovani-cha.infd.edu.ar\/sitio\/wp-content\/uploads\/2026\/04\/ESTAMPA-VIVA-1448x2048.jpg 1448w, https:\/\/ispmantovani-cha.infd.edu.ar\/sitio\/wp-content\/uploads\/2026\/04\/ESTAMPA-VIVA.jpg 1587w\" sizes=\"(max-width: 707px) 100vw, 707px\" \/><\/p>\n<p><a href=\"https:\/\/docs.google.com\/forms\/d\/e\/1FAIpQLSd2HTb_0SABoYRBc6x9sN7UTzh_M-Q8YrcH8D6FPRQhWrVQyg\/viewform?usp=dialog\" target=\"_blank\" rel=\"noopener\"><img decoding=\"async\" loading=\"lazy\" class=\"aligncenter size-full wp-image-3284\" src=\"https:\/\/ispmantovani-cha.infd.edu.ar\/sitio\/wp-content\/uploads\/2020\/12\/Union-Cosmos-Boton-Click-Aqui-GIF-Animado.gif\" alt=\"\" width=\"225\" height=\"160\" \/><\/a><\/p>\n<hr \/>\n<p><img decoding=\"async\" loading=\"lazy\" class=\"aligncenter  wp-image-4553\" src=\"https:\/\/ispmantovani-cha.infd.edu.ar\/sitio\/wp-content\/uploads\/2022\/03\/ATENCION_2022.png\" alt=\"\" width=\"667\" height=\"200\" srcset=\"https:\/\/ispmantovani-cha.infd.edu.ar\/sitio\/wp-content\/uploads\/2022\/03\/ATENCION_2022.png 820w, https:\/\/ispmantovani-cha.infd.edu.ar\/sitio\/wp-content\/uploads\/2022\/03\/ATENCION_2022-768x230.png 768w\" sizes=\"(max-width: 667px) 100vw, 667px\" \/><\/p>\n<p>&nbsp;<\/p>\n<h4 style=\"text-align: center;\"><span style=\"color: #ff0000;\"><strong>INICIO DE ACTIVIDADES EN LAS CARRERAS NUEVAS 2026<\/strong><\/span><\/h4>\n<ul>\n<li><strong>PROFESORADO DE EDUCACI\u00d3N SECUNDARIA EN AGRONON\u00cdA.<\/strong><\/li>\n<li><strong>TECNICATURA SUPERIOR EN DISE\u00d1O GR\u00c1FICO.<\/strong><\/li>\n<\/ul>\n<h4 style=\"text-align: center;\"><em><strong><span style=\"color: #0000ff;\">D\u00cdA\u00a0 MI\u00c9RCOLES 8 DE ABRIL A PARTIR DE LAS 14 HORAS<\/span><\/strong><\/em><\/h4>\n<hr \/>\n<p>PARA VISUALIZAR LOS HORARIOS DE CLASES, DEBEN INGRESAR AL<strong> CAMPUS VIRTUAL<\/strong>, AH\u00cd PODR\u00c1N VISUALIZAR UN AULA LLAMADA <strong>BEDEL\u00cdA<\/strong>. EN LA SECCI\u00d3N INFORMACI\u00d3N VISUALIZAR\u00c1N <strong>HORARIOS DE CLASES.<\/strong><\/p>\n<hr \/>\n<h4 style=\"text-align: center;\">Aspirantes que residen en localidades vecinas y que no pueden acercarse a la instituci\u00f3n, inscribirse aqu\u00ed.<\/h4>\n<h4 style=\"text-align: center;\"><span style=\"color: #0000ff;\">Luego de completar el formulario, es necesario que ingrese a su correo e imprima el acuse de recibo que tendr\u00e1 en su bandeja de entrada (revisar spam) para ser presentado en el instituto junto con el resto de la documentaci\u00f3n para completar el tr\u00e1mite de dicha inscripci\u00f3n.<\/span><\/h4>\n<p><a href=\"https:\/\/docs.google.com\/forms\/d\/e\/1FAIpQLSdSTXgvv8h2OnLVd2kkT9aZbVY6xa6ELiymhTs-UiHdId3hDw\/viewform?usp=dialog\"><img decoding=\"async\" loading=\"lazy\" class=\"aligncenter size-full wp-image-3284\" src=\"https:\/\/ispmantovani-cha.infd.edu.ar\/sitio\/wp-content\/uploads\/2020\/12\/Union-Cosmos-Boton-Click-Aqui-GIF-Animado.gif\" alt=\"\" width=\"225\" height=\"160\" \/><\/a><\/p>\n<hr \/>\n<p>&nbsp;<\/p>\n<h4><img decoding=\"async\" loading=\"lazy\" class=\"aligncenter  wp-image-3723\" src=\"https:\/\/ispmantovani-cha.infd.edu.ar\/sitio\/wp-content\/uploads\/2021\/05\/ATENCION_Alumnos-1000x250.png\" alt=\"\" width=\"992\" height=\"248\" srcset=\"https:\/\/ispmantovani-cha.infd.edu.ar\/sitio\/wp-content\/uploads\/2021\/05\/ATENCION_Alumnos-1000x250.png 1000w, https:\/\/ispmantovani-cha.infd.edu.ar\/sitio\/wp-content\/uploads\/2021\/05\/ATENCION_Alumnos-768x192.png 768w, https:\/\/ispmantovani-cha.infd.edu.ar\/sitio\/wp-content\/uploads\/2021\/05\/ATENCION_Alumnos-1900x475.png 1900w, https:\/\/ispmantovani-cha.infd.edu.ar\/sitio\/wp-content\/uploads\/2021\/05\/ATENCION_Alumnos.png 1920w\" sizes=\"(max-width: 992px) 100vw, 992px\" \/><\/h4>\n<h4 style=\"text-align: center;\"><em><strong>Horarios de Atenci\u00f3n: \u00a1NUEVOS HORARIOS de RECEPCI\u00d3N DE DOCUMENTACIONES!<\/strong><\/em><\/h4>\n<h2 style=\"text-align: center;\"><span style=\"color: #339966;\">Turno Tarde: <span style=\"color: #ff0000;\">19:00 a 20:00<\/span><\/span><\/h2>\n<hr \/>\n<p><a href=\"https:\/\/ispmantovani-cha.infd.edu.ar\/sitio\/carreras\/\"><img decoding=\"async\" loading=\"lazy\" class=\"aligncenter size-medium wp-image-7154\" src=\"https:\/\/ispmantovani-cha.infd.edu.ar\/sitio\/wp-content\/uploads\/2026\/03\/Banner-Manto-Inscripciones-1000x250.png\" alt=\"\" width=\"1000\" height=\"250\" srcset=\"https:\/\/ispmantovani-cha.infd.edu.ar\/sitio\/wp-content\/uploads\/2026\/03\/Banner-Manto-Inscripciones-1000x250.png 1000w, https:\/\/ispmantovani-cha.infd.edu.ar\/sitio\/wp-content\/uploads\/2026\/03\/Banner-Manto-Inscripciones-1900x475.png 1900w, https:\/\/ispmantovani-cha.infd.edu.ar\/sitio\/wp-content\/uploads\/2026\/03\/Banner-Manto-Inscripciones-768x192.png 768w, https:\/\/ispmantovani-cha.infd.edu.ar\/sitio\/wp-content\/uploads\/2026\/03\/Banner-Manto-Inscripciones-1536x384.png 1536w, https:\/\/ispmantovani-cha.infd.edu.ar\/sitio\/wp-content\/uploads\/2026\/03\/Banner-Manto-Inscripciones.png 1920w\" sizes=\"(max-width: 1000px) 100vw, 1000px\" \/><\/a><\/p>\n<h4 style=\"text-align: center;\"><a href=\"https:\/\/ispmantovani-cha.infd.edu.ar\/sitio\/carreras\/\">Para obtener informaci\u00f3n sobre las carreras en ofertas hacer clic en la imagen<\/a><\/h4>\n<h2><span style=\"color: #ff0000;\"><strong>Las Ofertas Acad\u00e9micas son:<\/strong><\/span><\/h2>\n<h3 style=\"font-weight: 400;\"><em><strong>PROFESORADOS EN:<\/strong><\/em><\/h3>\n<ul>\n<li>\n<h4><strong>Bibliotecolog\u00eda. <span style=\"color: #339966;\">(QUEDAN VACANTES).<\/span><\/strong><\/h4>\n<\/li>\n<li style=\"font-weight: 400;\">\n<h4><strong>Primaria. <span style=\"color: #ff0000;\">(CUBIERTOS LOS CUPOS)<\/span><\/strong><\/h4>\n<\/li>\n<li style=\"font-weight: 400;\">\n<h4><strong>Inicial. <span style=\"color: #ff0000;\">(CUBIERTOS LOS CUPOS)<\/span><\/strong><\/h4>\n<\/li>\n<li style=\"font-weight: 400;\">\n<h4><strong>Educaci\u00f3n Especial. <\/strong><strong><span style=\"color: #ff0000;\">(CUPOS CUBIERTOS).<\/span><\/strong><\/h4>\n<\/li>\n<li style=\"font-weight: 400;\">\n<h4><strong>Ingl\u00e9s para la Educaci\u00f3n Secundaria. <\/strong><strong><span style=\"color: #ff0000;\">(CUPOS CUBIERTOS).<\/span><\/strong><\/h4>\n<\/li>\n<li style=\"font-weight: 400;\">\n<h4><strong>Artes Visuales. <\/strong><strong><span style=\"color: #ff0000;\">(CUPOS CUBIERTOS).<\/span><\/strong><\/h4>\n<\/li>\n<\/ul>\n<hr \/>\n<h3 style=\"font-weight: 400;\"><em><strong>TECNICATURAS en:<\/strong><\/em><\/h3>\n<ul>\n<li>\n<h4><strong>Profesorado de Educaci\u00f3n Secundaria en Agronom\u00eda. &#8211; <span style=\"color: #339966;\">(QUEDAN VACANTES).<\/span><\/strong><\/h4>\n<ul>\n<li>\n<h5><strong>Clic en <a href=\"https:\/\/ispmantovani-cha.infd.edu.ar\/sitio\/prof-agronomia\/\" target=\"_blank\" rel=\"noopener\">&lt;&lt; M\u00c1S INFORMACI\u00d3N &gt;&gt;<\/a><\/strong><\/h5>\n<\/li>\n<\/ul>\n<\/li>\n<li>\n<h4><strong>Soporte de Infraestructura de la Informaci\u00f3n. (REDES) &#8211; <span style=\"color: #339966;\">(QUEDAN VACANTES)<\/span><\/strong><\/h4>\n<\/li>\n<li style=\"font-weight: 400;\">\n<h4><strong>Desarrollo de Software. &#8211; <\/strong><strong><span style=\"color: #ff0000;\">(CUPOS CUBIERTOS).<\/span><\/strong><\/h4>\n<\/li>\n<li>\n<h4><strong>Tecnicatura Superior en Dise\u00f1o Gr\u00e1fico Digital. &#8211; <\/strong><strong><span style=\"color: #ff0000;\">(CUPOS CUBIERTOS).<\/span><\/strong><\/h4>\n<ul>\n<li>\n<h4>Clic en <a href=\"https:\/\/ispmantovani-cha.infd.edu.ar\/sitio\/diseno-grafico-digital\/\" target=\"_blank\" rel=\"noopener\">&lt;&lt; M\u00e1s Informaci\u00f3n &gt;&gt;<\/a><\/h4>\n<\/li>\n<\/ul>\n<\/li>\n<li>\n<h4><strong>Gesti\u00f3n de Producci\u00f3n Agropecuaria. &#8211; <\/strong><strong><span style=\"color: #ff0000;\">(CUPOS CUBIERTOS).<\/span><\/strong><\/h4>\n<\/li>\n<\/ul>\n<hr \/>\n<h5><em><strong>Documentaciones solicitadas para el LEGAJO:<\/strong><\/em><\/h5>\n<h4 style=\"padding-left: 40px;\">1. Fotocopia autenticada del T\u00edtulo secundario o Constancia de T\u00edtulo en tr\u00e1mite (original).<br \/>2. Fotocopia autenticada del\u00a0 Acta de Nacimiento (Actualizada).<br \/>3. Dos Fotocopias autenticadas del\u00a0 D.N.I (actualizado).<br \/>4. Dos fotos 4\u00d74 tipo carnet.<br \/>5. Formulario de Inscripci\u00f3n.\u00a0(<a href=\"https:\/\/drive.google.com\/file\/d\/145kukDYz6BoWGp9BjVqu7H-SjJsUNMub\/view\" target=\"_blank\" rel=\"noopener\">DESCARGAR AQU\u00cd<\/a>)<br \/>6. Certificado Psicof\u00edsico.\u00a0(<a href=\"https:\/\/drive.google.com\/file\/d\/1F371McIe67hrttxInrtXIUXNuTnVZdlE\/view\" target=\"_blank\" rel=\"noopener\">DESCARGAR AQU\u00cd<\/a>)<br \/>7 Fotocopia del Grupo sangu\u00edneo.<br \/>8. Un folio tama\u00f1o oficio.<br \/>9. Aporte voluntario de la cooperadora.<\/h4>\n<hr \/>\n<h3><em>PREGUNTAS FRECUENTES:<\/em><\/h3>\n<div>\n<h4><span style=\"color: #ff0000;\">Si debo materias del secundario. \u00bfPuedo inscribirme?<\/span><\/h4>\n<h4>Si! hasta dos materias adeudadas. Solo debes traer la constancia de los espacios adeudados.<\/h4>\n<h4><span style=\"color: #ff0000;\">No termin\u00e9 el secundario. \u00bfPuedo inscribirme?<\/span><\/h4>\n<div>\n<div>\n<div>\n<h4>Si eres mayor de 25 a\u00f1os con estudio primarios completos y acreditas una experiencia laboral relacionada con la carrera que quieras estudiar, podr\u00e1s inscribirte.<\/h4>\n<div>\n<div>\n<h4><span style=\"color: #ff0000;\">Trabajo y me queda poco tiempo. \u00bfPodr\u00e9 estudiar?<\/span><\/h4>\n<div>\n<div>\n<div>\n<h4>Si! las cursadas son por materias, en lasque podr\u00e1s optar en distintos modos de cursada:<\/h4>\n<div>\n<div>\n<ul>\n<li>\n<h4>Presencial.<\/h4>\n<\/li>\n<li>\n<h4>Semi &#8211; Presencial.<\/h4>\n<\/li>\n<li>\n<h4>Libre.<\/h4>\n<\/li>\n<li>\n<h4>Bimodal (presencial + virtual).<\/h4>\n<\/li>\n<\/ul>\n<\/div>\n<\/div>\n<\/div>\n<\/div>\n<\/div>\n<\/div>\n<\/div>\n<\/div>\n<\/div>\n<\/div>\n<\/div>\n","protected":false},"excerpt":{"rendered":"<p>&nbsp; INICIO DE ACTIVIDADES EN LAS CARRERAS NUEVAS 2026 PROFESORADO DE EDUCACI\u00d3N SECUNDARIA EN AGRONON\u00cdA. TECNICATURA SUPERIOR EN DISE\u00d1O GR\u00c1FICO. D\u00cdA\u00a0 MI\u00c9RCOLES 8 DE ABRIL A PARTIR DE LAS 14 HORAS PARA VISUALIZAR LOS HORARIOS DE CLASES, DEBEN INGRESAR AL CAMPUS VIRTUAL, AH\u00cd PODR\u00c1N VISUALIZAR UN AULA LLAMADA BEDEL\u00cdA. EN LA SECCI\u00d3N INFORMACI\u00d3N VISUALIZAR\u00c1N HORARIOS &#8230; <a title=\"Inicio\" class=\"read-more\" href=\"https:\/\/ispmantovani-cha.infd.edu.ar\/sitio\/\" aria-label=\"More on Inicio\">[+]<\/a><\/p>\n","protected":false},"author":1,"featured_media":0,"parent":0,"menu_order":0,"comment_status":"closed","ping_status":"closed","template":"","meta":[],"acf":[],"_links":{"self":[{"href":"https:\/\/ispmantovani-cha.infd.edu.ar\/sitio\/wp-json\/wp\/v2\/pages\/286"}],"collection":[{"href":"https:\/\/ispmantovani-cha.infd.edu.ar\/sitio\/wp-json\/wp\/v2\/pages"}],"about":[{"href":"https:\/\/ispmantovani-cha.infd.edu.ar\/sitio\/wp-json\/wp\/v2\/types\/page"}],"author":[{"embeddable":true,"href":"https:\/\/ispmantovani-cha.infd.edu.ar\/sitio\/wp-json\/wp\/v2\/users\/1"}],"replies":[{"embeddable":true,"href":"https:\/\/ispmantovani-cha.infd.edu.ar\/sitio\/wp-json\/wp\/v2\/comments?post=286"}],"version-history":[{"count":1354,"href":"https:\/\/ispmantovani-cha.infd.edu.ar\/sitio\/wp-json\/wp\/v2\/pages\/286\/revisions"}],"predecessor-version":[{"id":7285,"href":"https:\/\/ispmantovani-cha.infd.edu.ar\/sitio\/wp-json\/wp\/v2\/pages\/286\/revisions\/7285"}],"wp:attachment":[{"href":"https:\/\/ispmantovani-cha.infd.edu.ar\/sitio\/wp-json\/wp\/v2\/media?parent=286"}],"curies":[{"name":"wp","href":"https:\/\/api.w.org\/{rel}","templated":true}]}}